{"id":568,"date":"2023-12-13T15:39:55","date_gmt":"2023-12-13T14:39:55","guid":{"rendered":"https:\/\/wasserschloss-huelsede.de\/web\/?page_id=568"},"modified":"2024-01-28T11:40:42","modified_gmt":"2024-01-28T10:40:42","slug":"ueber-uns","status":"publish","type":"page","link":"https:\/\/wasserschloss-huelsede.de\/web\/ueber-uns\/","title":{"rendered":"\u00dcber uns"},"content":{"rendered":"<p>[et_pb_section fb_built=&#8220;1&#8243; admin_label=&#8220;Header&#8220; _builder_version=&#8220;4.23.1&#8243; _module_preset=&#8220;default&#8220; background_image=&#8220;https:\/\/wasserschloss-huelsede.de\/web\/wp-content\/uploads\/2023\/11\/Startbild_oben_neu_11.2023.jpg&#8220; custom_margin=&#8220;|0px||0px|false|false&#8220; custom_padding=&#8220;70px|0px|70px|0px|true|false&#8220; global_module=&#8220;368&#8243; saved_tabs=&#8220;all&#8220; locked=&#8220;off&#8220; collapsed=&#8220;on&#8220; global_colors_info=&#8220;{}&#8220;][et_pb_row use_custom_gutter=&#8220;on&#8220; make_equal=&#8220;on&#8220; _builder_version=&#8220;4.23.1&#8243; _module_preset=&#8220;default&#8220; background_color=&#8220;rgba(132,26,54,0.2)&#8220; width=&#8220;20%&#8220; max_width=&#8220;381px&#8220; custom_margin=&#8220;|||175px|false|false&#8220; custom_padding=&#8220;||||false|false&#8220; animation_style=&#8220;zoom&#8220; global_colors_info=&#8220;{}&#8220;][et_pb_column type=&#8220;4_4&#8243; _builder_version=&#8220;4.23.1&#8243; _module_preset=&#8220;default&#8220; global_colors_info=&#8220;{}&#8220;][et_pb_image src=&#8220;https:\/\/wasserschloss-huelsede.de\/web\/wp-content\/uploads\/2023\/11\/Logo_kl.png&#8220; title_text=&#8220;Logo_kl&#8220; align=&#8220;center&#8220; _builder_version=&#8220;4.23.1&#8243; _module_preset=&#8220;default&#8220; custom_padding=&#8220;||20px||false|false&#8220; box_shadow_style=&#8220;preset2&#8243; global_colors_info=&#8220;{}&#8220;][\/et_pb_image][et_pb_text _builder_version=&#8220;4.23.1&#8243; _module_preset=&#8220;default&#8220; text_font=&#8220;Akshar||||||||&#8220; text_text_color=&#8220;#FFFFFF&#8220; text_font_size=&#8220;17px&#8220; header_font=&#8220;Varela Round||||||||&#8220; header_2_font=&#8220;Akshar||||||||&#8220; header_2_text_color=&#8220;#FFFFFF&#8220; overflow-x=&#8220;visible&#8220; overflow-y=&#8220;visible&#8220; custom_padding=&#8220;||20px||false|false&#8220; text_font_size_tablet=&#8220;&#8220; text_font_size_phone=&#8220;11px&#8220; text_font_size_last_edited=&#8220;on|phone&#8220; header_2_font_size_tablet=&#8220;&#8220; header_2_font_size_phone=&#8220;9px&#8220; header_2_font_size_last_edited=&#8220;on|phone&#8220; global_colors_info=&#8220;{}&#8220;]<\/p>\n<h2 style=\"text-align: center;\">Die Eventlocation<\/h2>\n<p style=\"text-align: center;\">Hochzeit<\/p>\n<p style=\"text-align: center;\">Firmenevent<\/p>\n<p style=\"text-align: center;\">Familienfeier<\/p>\n<p style=\"text-align: center;\">[\/et_pb_text][et_pb_button button_url=&#8220;@ET-DC@eyJkeW5hbWljIjp0cnVlLCJjb250ZW50IjoicG9zdF9saW5rX3VybF9wYWdlIiwic2V0dGluZ3MiOnsicG9zdF9pZCI6IjU3MSJ9fQ==@&#8220; button_text=&#8220;Kontakt&#8220; button_alignment=&#8220;center&#8220; _builder_version=&#8220;4.23.1&#8243; _dynamic_attributes=&#8220;button_url&#8220; _module_preset=&#8220;default&#8220; custom_button=&#8220;on&#8220; button_text_color=&#8220;#ffffff&#8220; button_bg_color=&#8220;#841a36&#8243; button_border_width=&#8220;4px&#8220; button_border_color=&#8220;#E09900&#8243; button_border_radius=&#8220;5px&#8220; button_font=&#8220;Akshar||||||||&#8220; global_colors_info=&#8220;{}&#8220;][\/et_pb_button][\/et_pb_column][\/et_pb_row][\/et_pb_section][et_pb_section fb_built=&#8220;1&#8243; _builder_version=&#8220;4.23.1&#8243; _module_preset=&#8220;default&#8220; custom_padding=&#8220;||0px||false|false&#8220; global_colors_info=&#8220;{}&#8220;][et_pb_row _builder_version=&#8220;4.23.1&#8243; _module_preset=&#8220;default&#8220; global_colors_info=&#8220;{}&#8220;][et_pb_column type=&#8220;4_4&#8243; _builder_version=&#8220;4.23.1&#8243; _module_preset=&#8220;default&#8220; global_colors_info=&#8220;{}&#8220;][et_pb_text _builder_version=&#8220;4.23.1&#8243; _module_preset=&#8220;default&#8220; header_font=&#8220;Akshar||||||||&#8220; header_text_align=&#8220;center&#8220; header_font_size=&#8220;40px&#8220; global_colors_info=&#8220;{}&#8220;]<\/p>\n<h1>\u00dcber uns &#8211; Historie<\/h1>\n<h1><\/h1>\n<p>[\/et_pb_text][\/et_pb_column][\/et_pb_row][\/et_pb_section][et_pb_section fb_built=&#8220;1&#8243; _builder_version=&#8220;4.23.1&#8243; _module_preset=&#8220;default&#8220; background_color=&#8220;#f1f1f1&#8243; global_colors_info=&#8220;{}&#8220;][et_pb_row column_structure=&#8220;1_4,3_4&#8243; _builder_version=&#8220;4.23.1&#8243; _module_preset=&#8220;default&#8220; width=&#8220;93%&#8220; max_width=&#8220;1473px&#8220; global_colors_info=&#8220;{}&#8220;][et_pb_column type=&#8220;1_4&#8243; _builder_version=&#8220;4.23.1&#8243; _module_preset=&#8220;default&#8220; global_colors_info=&#8220;{}&#8220;][et_pb_image src=&#8220;https:\/\/wasserschloss-huelsede.de\/web\/wp-content\/uploads\/2023\/12\/Luftbild-Drohne.jpg&#8220; title_text=&#8220;Luftbild Drohne&#8220; _builder_version=&#8220;4.23.1&#8243; _module_preset=&#8220;default&#8220; custom_padding=&#8220;50px||||false|false&#8220; box_shadow_style=&#8220;preset2&#8243; global_colors_info=&#8220;{}&#8220; transform_styles__hover_enabled=&#8220;on|hover&#8220; transform_scale__hover_enabled=&#8220;on|hover&#8220; transform_translate__hover_enabled=&#8220;on|desktop&#8220; transform_rotate__hover_enabled=&#8220;on|desktop&#8220; transform_skew__hover_enabled=&#8220;on|desktop&#8220; transform_origin__hover_enabled=&#8220;on|desktop&#8220; transform_scale__hover=&#8220;108%|108%&#8220;][\/et_pb_image][\/et_pb_column][et_pb_column type=&#8220;3_4&#8243; _builder_version=&#8220;4.23.1&#8243; _module_preset=&#8220;default&#8220; global_colors_info=&#8220;{}&#8220;][et_pb_text _builder_version=&#8220;4.24.0&#8243; _module_preset=&#8220;default&#8220; text_font=&#8220;Akshar||||||||&#8220; text_font_size=&#8220;17px&#8220; global_colors_info=&#8220;{}&#8220;]<\/p>\n<p style=\"text-align: justify;\">Das Wasserschloss H\u00fclsede, in der N\u00e4he von Hannover, im Tal zwischen Deister und S\u00fcntel gelegen, wurde zwischen 1529 und 1548 als vierfl\u00fcgelige Anlage erbaut. Es ist ein typisches Beispiel f\u00fcr einen fr\u00fchen Renaissancebau im Weserraum.<\/p>\n<p style=\"text-align: justify;\">Der herausragende kunsthistorische Wert des Schlosses liegt in der original erhaltenen Bausubstanz des 16. Jahrhunderts. Das Wasserschloss und die Hofgeb\u00e4ude stehen unter Denkmalschutz und sind in den letzten vierzig Jahren umfassend restauriert worden. Die gesamte Anlage und die dazu geh\u00f6rige Landwirtschaft befindet sich seit \u00fcber 400 Jahren in Familienbesitz.<\/p>\n<p style=\"text-align: justify;\">1310 belehnte der Graf von Schaumburg die Rottorps mit dem Hof in H\u00fclsede, welcher der Grundstock des sp\u00e4teren Ritterguts war. Das Schloss wurde als Vierfl\u00fcgelanlage durch Clawes von Rottorp zwischen 1529 und 1548 erbaut und bis 1600 erweitert. 1584 erlosch das Geschlecht der Rottorps im Mannesstamme, woraufhin der Graf von Schaumburg und der Bischof von Minden Hermann von Mengersen (Drost in Rodenberg und Sachsenhagen, verheiratet mit Ilse v. d. Born) mit dem Gut in H\u00fclsede belehnten.<\/p>\n<p style=\"text-align: justify;\">1970 \u00fcbernahm Monika Bronsart von Schellendorff, geb. von Mengersen, den Besitz und restaurierte es gemeinsam mit ihrem Mann, Hans-Wilhelm Bronsart von Schellendorff ab 1979 umfassend.<\/p>\n<p style=\"text-align: justify;\">Seit 1997 zeichnet die Tochter, Alexandra Gr\u00e4fin Finck von Finckenstein, verantwortlich f\u00fcr das Wasserschloss H\u00fclsede, den damit verbundenen Eventbereich und seit 2013 auch f\u00fcr die dazugeh\u00f6renden landwirtschaftlichen G\u00fcter.<\/p>\n<p style=\"text-align: justify;\">Die historische Anlage aus dem 16. Jh. verbindet traditionellen Charme mit modernstem Komfort.<\/p>\n<p>[\/et_pb_text][\/et_pb_column][\/et_pb_row][\/et_pb_section][et_pb_section fb_built=&#8220;1&#8243; _builder_version=&#8220;4.23.1&#8243; _module_preset=&#8220;default&#8220; global_colors_info=&#8220;{}&#8220;][et_pb_row _builder_version=&#8220;4.23.1&#8243; _module_preset=&#8220;default&#8220; global_colors_info=&#8220;{}&#8220;][et_pb_column type=&#8220;4_4&#8243; _builder_version=&#8220;4.23.1&#8243; _module_preset=&#8220;default&#8220; global_colors_info=&#8220;{}&#8220;][et_pb_text _builder_version=&#8220;4.23.1&#8243; _module_preset=&#8220;default&#8220; header_font=&#8220;Akshar||||||||&#8220; header_text_align=&#8220;center&#8220; header_font_size=&#8220;40px&#8220; global_colors_info=&#8220;{}&#8220;]<\/p>\n<h1>Wasserschloss-Impressionen<\/h1>\n<h1><\/h1>\n<p>[\/et_pb_text][et_pb_gallery gallery_ids=&#8220;627,626,621,618,601,668,630,440,596,599,600,324,323,325,200,164,167,161,78,53&#8243; show_title_and_caption=&#8220;off&#8220; show_pagination=&#8220;off&#8220; zoom_icon_color=&#8220;#000000&#8243; hover_overlay_color=&#8220;rgba(255,255,255,0.64)&#8220; hover_icon=&#8220;&#x2e;||divi||400&#8243; _builder_version=&#8220;4.24.0&#8243; _module_preset=&#8220;default&#8220; hover_enabled=&#8220;0&#8243; box_shadow_style_image=&#8220;preset2&#8243; global_colors_info=&#8220;{}&#8220; sticky_enabled=&#8220;0&#8243;][\/et_pb_gallery][\/et_pb_column][\/et_pb_row][et_pb_row _builder_version=&#8220;4.24.0&#8243; _module_preset=&#8220;default&#8220;][et_pb_column _builder_version=&#8220;4.24.0&#8243; _module_preset=&#8220;default&#8220; type=&#8220;4_4&#8243;][et_pb_text _builder_version=&#8220;4.24.0&#8243; _module_preset=&#8220;default&#8220; hover_enabled=&#8220;0&#8243; sticky_enabled=&#8220;0&#8243;]<\/p>\n<h4><span><strong>Erfolgreiche Events und Veranstaltungen auf dem Wasserschloss H\u00fclsede:<\/strong><\/span><\/h4>\n<p>[\/et_pb_text][\/et_pb_column][\/et_pb_row][et_pb_row _builder_version=&#8220;4.24.0&#8243; _module_preset=&#8220;default&#8220; column_structure=&#8220;1_2,1_2&#8243;][et_pb_column _builder_version=&#8220;4.24.0&#8243; _module_preset=&#8220;default&#8220; type=&#8220;1_2&#8243;][et_pb_text _builder_version=&#8220;4.24.0&#8243; _module_preset=&#8220;default&#8220; hover_enabled=&#8220;0&#8243; sticky_enabled=&#8220;0&#8243;]<\/p>\n<section class=\"elementor-section elementor-top-section elementor-element elementor-element-d69712a elementor-section-boxed elementor-section-height-default elementor-section-height-default\" data-id=\"d69712a\" data-element_type=\"section\">\n<div class=\"elementor-container elementor-column-gap-default\">\n<div class=\"elementor-column elementor-col-100 elementor-top-column elementor-element elementor-element-c66fd69\" data-id=\"c66fd69\" data-element_type=\"column\">\n<div class=\"elementor-widget-wrap elementor-element-populated\">\n<div class=\"elementor-element elementor-element-5e2b6a9 elementor-widget elementor-widget-text-editor\" data-id=\"5e2b6a9\" data-element_type=\"widget\" data-widget_type=\"text-editor.default\"><\/div>\n<\/div>\n<\/div>\n<\/div>\n<\/section>\n<section class=\"elementor-section elementor-top-section elementor-element elementor-element-b99e7e2 elementor-section-boxed elementor-section-height-default elementor-section-height-default\" data-id=\"b99e7e2\" data-element_type=\"section\">\n<div class=\"elementor-container elementor-column-gap-default\">\n<div class=\"elementor-column elementor-col-50 elementor-top-column elementor-element elementor-element-f444a5b\" data-id=\"f444a5b\" data-element_type=\"column\">\n<div class=\"elementor-widget-wrap elementor-element-populated\">\n<div class=\"elementor-element elementor-element-277d8e8 elementor-widget elementor-widget-text-editor\" data-id=\"277d8e8\" data-element_type=\"widget\" data-widget_type=\"text-editor.default\">\n<div class=\"elementor-widget-container\">\n<ul>\n<li>Akzo Nobel Deco GmbH<\/li>\n<li>Alpha Romeo<\/li>\n<li>Bahlsen GmbH &amp; Co.KG<\/li>\n<li>Bank Gesellschaft Berlin AG<\/li>\n<li>Bauer Media KG<\/li>\n<li>Citroen Deutschland AG<\/li>\n<li>Continental AG<\/li>\n<li>DaimlerChrysler AG<\/li>\n<li>Deutsche Telekom AG<\/li>\n<li>ExxonMobil Central<\/li>\n<li>Europe Holding GmbH<\/li>\n<li>Fidelity Investment<span>\u00a0<\/span><span>Services GmbH<\/span><\/li>\n<li>Ford AG<\/li>\n<li>Helene Fischer<\/li>\n<li>Hewlett-Packhard Co.<\/li>\n<li>Land Niedersachsen<\/li>\n<li>Mecklenburgische Versicherungsgruppe<\/li>\n<li>Milow<\/li>\n<li>NextiraOne Deutschland GmbH<\/li>\n<li>Nissan Motor Co. Ltd.<\/li>\n<li>Nortel Networks Corp.<\/li>\n<li>Renault S.A.<strong><\/strong><\/li>\n<\/ul>\n<\/div>\n<\/div>\n<\/div>\n<\/div>\n<\/div>\n<\/section>\n<p>[\/et_pb_text][\/et_pb_column][et_pb_column _builder_version=&#8220;4.24.0&#8243; _module_preset=&#8220;default&#8220; type=&#8220;1_2&#8243;][et_pb_text _builder_version=&#8220;4.24.0&#8243; _module_preset=&#8220;default&#8220; hover_enabled=&#8220;0&#8243; sticky_enabled=&#8220;0&#8243;]<\/p>\n<div class=\"elementor-column elementor-col-50 elementor-top-column elementor-element elementor-element-f444a5b\" data-id=\"f444a5b\" data-element_type=\"column\">\n<div class=\"elementor-widget-wrap elementor-element-populated\">\n<div class=\"elementor-element elementor-element-277d8e8 elementor-widget elementor-widget-text-editor\" data-id=\"277d8e8\" data-element_type=\"widget\" data-widget_type=\"text-editor.default\">\n<div class=\"elementor-widget-container\">\n<ul>\n<li>Sanyo Fischer\u00a0 Vertriebs GmbH<\/li>\n<li>Siemens AG<\/li>\n<\/ul>\n<\/div>\n<\/div>\n<\/div>\n<\/div>\n<div class=\"elementor-column elementor-col-50 elementor-top-column elementor-element elementor-element-9624a5b\" data-id=\"9624a5b\" data-element_type=\"column\">\n<div class=\"elementor-widget-wrap elementor-element-populated\">\n<div class=\"elementor-element elementor-element-fa9a930 elementor-widget elementor-widget-text-editor\" data-id=\"fa9a930\" data-element_type=\"widget\" data-widget_type=\"text-editor.default\">\n<div class=\"elementor-widget-container\">\n<ul>\n<li>Silbermond (Konzert)<\/li>\n<li>Sparkasse Hannover<\/li>\n<li>Sparkasse Schaumburg<\/li>\n<li>Sun Microsystems<\/li>\n<li>Tchibo GmbH<\/li>\n<li>TUI AG<\/li>\n<\/ul>\n<p>&nbsp;<\/p>\n<ul>\n<li>Viag Intercom<\/li>\n<li>Vodafone D2 GmbH<\/li>\n<li>Volkswagen AG<\/li>\n<li>Volvo AG<\/li>\n<li>Wempe<\/li>\n<li>Bayka AG<\/li>\n<li><span>T-Systems<\/span><\/li>\n<\/ul>\n<p><span><\/span><\/p>\n<ul>\n<li>NDR, RTL, SAT1, ZDFund viele weitere Unternehmen<br \/>und Verb\u00e4nde.<\/li>\n<\/ul>\n<p>&nbsp;<\/p>\n<ul>\n<li><strong>Nicht zu vergessen, viele gl\u00fcckliche Brautpaare und Geburtstagskinder<\/strong><\/li>\n<\/ul>\n<\/div>\n<\/div>\n<\/div>\n<\/div>\n<p>[\/et_pb_text][\/et_pb_column][\/et_pb_row][\/et_pb_section][et_pb_section fb_built=&#8220;1&#8243; _builder_version=&#8220;4.23.1&#8243; _module_preset=&#8220;default&#8220; background_color=&#8220;#f1f1f1&#8243; global_colors_info=&#8220;{}&#8220;][et_pb_row _builder_version=&#8220;4.23.1&#8243; _module_preset=&#8220;default&#8220; max_width=&#8220;2249px&#8220; global_colors_info=&#8220;{}&#8220;][et_pb_column type=&#8220;4_4&#8243; _builder_version=&#8220;4.23.1&#8243; _module_preset=&#8220;default&#8220; global_colors_info=&#8220;{}&#8220;][et_pb_image src=&#8220;https:\/\/wasserschloss-huelsede.de\/web\/wp-content\/uploads\/2023\/12\/Lage_neu-gr.png&#8220; title_text=&#8220;Lage_neu gr&#8220; align=&#8220;center&#8220; _builder_version=&#8220;4.23.1&#8243; _module_preset=&#8220;default&#8220; global_colors_info=&#8220;{}&#8220; background__hover_enabled=&#8220;on|hover&#8220; transform_styles__hover_enabled=&#8220;on|hover&#8220; transform_scale__hover_enabled=&#8220;on|hover&#8220; transform_translate__hover_enabled=&#8220;on|hover&#8220; transform_rotate__hover_enabled=&#8220;on|hover&#8220; transform_skew__hover_enabled=&#8220;on|hover&#8220; transform_origin__hover_enabled=&#8220;on|hover&#8220; transform_scale__hover=&#8220;120%|120%&#8220;][\/et_pb_image][\/et_pb_column][\/et_pb_row][\/et_pb_section][et_pb_section fb_built=&#8220;1&#8243; admin_label=&#8220;Footer&#8220; _builder_version=&#8220;4.23.1&#8243; _module_preset=&#8220;default&#8220; background_color=&#8220;#f1f1f1&#8243; use_background_color_gradient=&#8220;on&#8220; background_color_gradient_stops=&#8220;#ffffff 1%|rgba(255,255,255,0.41) 100%&#8220; background_color_gradient_overlays_image=&#8220;on&#8220; background_image=&#8220;https:\/\/wasserschloss-huelsede.de\/web\/wp-content\/uploads\/2023\/11\/ganzunten.png&#8220; background_position=&#8220;center_left&#8220; custom_padding=&#8220;||||false|false&#8220; global_module=&#8220;371&#8243; saved_tabs=&#8220;all&#8220; collapsed=&#8220;on&#8220; global_colors_info=&#8220;{}&#8220;][et_pb_row column_structure=&#8220;1_3,1_3,1_3&#8243; _builder_version=&#8220;4.17.4&#8243; _module_preset=&#8220;default&#8220; global_colors_info=&#8220;{}&#8220;][et_pb_column type=&#8220;1_3&#8243; _builder_version=&#8220;4.17.4&#8243; _module_preset=&#8220;default&#8220; global_colors_info=&#8220;{}&#8220;][et_pb_image src=&#8220;https:\/\/wasserschloss-huelsede.de\/web\/wp-content\/uploads\/2023\/11\/Logo_kl.png&#8220; title_text=&#8220;Logo_kl&#8220; _builder_version=&#8220;4.23.1&#8243; _module_preset=&#8220;default&#8220; global_colors_info=&#8220;{}&#8220;][\/et_pb_image][\/et_pb_column][et_pb_column type=&#8220;1_3&#8243; _builder_version=&#8220;4.17.4&#8243; _module_preset=&#8220;default&#8220; global_colors_info=&#8220;{}&#8220;][et_pb_text _builder_version=&#8220;4.23.1&#8243; _module_preset=&#8220;4827deed-2a92-4d97-a22f-f01067ae6873&#8243; header_font=&#8220;||||||||&#8220; header_4_font=&#8220;Akshar|500|||||||&#8220; header_4_text_color=&#8220;#000000&#8243; header_4_font_size=&#8220;19px&#8220; header_4_line_height=&#8220;1.4em&#8220; custom_margin=&#8220;||0px||false|false&#8220; header_4_font_size_tablet=&#8220;16px&#8220; header_4_font_size_phone=&#8220;14px&#8220; header_4_font_size_last_edited=&#8220;on|tablet&#8220; locked=&#8220;off&#8220; global_colors_info=&#8220;{}&#8220;]<\/p>\n<h4>Adresse<\/h4>\n<p>[\/et_pb_text][et_pb_text _builder_version=&#8220;4.23.1&#8243; _module_preset=&#8220;1f09816e-184e-4ce5-a4cf-b39c52c423ca&#8220; text_font=&#8220;Akshar||||||||&#8220; text_text_color=&#8220;#841a36&#8243; text_font_size=&#8220;17px&#8220; text_line_height=&#8220;1.8em&#8220; custom_margin=&#8220;||30px||false|false&#8220; text_font_size_tablet=&#8220;15px&#8220; text_font_size_phone=&#8220;14px&#8220; text_font_size_last_edited=&#8220;on|phone&#8220; header_font_size_tablet=&#8220;55px&#8220; header_font_size_last_edited=&#8220;off|desktop&#8220; locked=&#8220;off&#8220; global_colors_info=&#8220;{}&#8220;]<\/p>\n<p>Wasserschloss H\u00fclsede<br \/>v. Bronsartsche Gutsverwaltung<\/p>\n<p>Frau Alexandra Gr\u00e4fin Finck v. Finckenstein<\/p>\n<p>\u00dcber der Beeke 3<br \/>D 31867 H\u00fclsede<\/p>\n<p>[\/et_pb_text][et_pb_text _builder_version=&#8220;4.23.1&#8243; _module_preset=&#8220;4827deed-2a92-4d97-a22f-f01067ae6873&#8243; header_font=&#8220;||||||||&#8220; header_4_font=&#8220;Akshar|500|||||||&#8220; header_4_text_color=&#8220;#000000&#8243; header_4_font_size=&#8220;19px&#8220; header_4_line_height=&#8220;1.4em&#8220; custom_margin=&#8220;||0px||false|false&#8220; header_4_font_size_tablet=&#8220;16px&#8220; header_4_font_size_phone=&#8220;14px&#8220; header_4_font_size_last_edited=&#8220;on|tablet&#8220; locked=&#8220;off&#8220; global_colors_info=&#8220;{}&#8220;]<\/p>\n<h4>Telefon und Fax<\/h4>\n<p>[\/et_pb_text][et_pb_text _builder_version=&#8220;4.23.1&#8243; _module_preset=&#8220;aaa7c440-590a-4078-ae0c-0f3c699ac51c&#8220; header_font=&#8220;||||||||&#8220; header_3_font=&#8220;Akshar|500|||||||&#8220; header_3_text_color=&#8220;#841a36&#8243; header_3_font_size=&#8220;25px&#8220; header_3_line_height=&#8220;1.4em&#8220; custom_margin=&#8220;||0px||false|false&#8220; header_3_font_size_tablet=&#8220;&#8220; header_3_font_size_phone=&#8220;20px&#8220; header_3_font_size_last_edited=&#8220;on|phone&#8220; global_colors_info=&#8220;{}&#8220;]<\/p>\n<h3>Tel.: 05043- 9870197<br \/>Fax: 05043- 9870198<\/h3>\n<p>[\/et_pb_text][\/et_pb_column][et_pb_column type=&#8220;1_3&#8243; _builder_version=&#8220;4.17.4&#8243; _module_preset=&#8220;default&#8220; global_colors_info=&#8220;{}&#8220;][et_pb_text _builder_version=&#8220;4.23.1&#8243; _module_preset=&#8220;4827deed-2a92-4d97-a22f-f01067ae6873&#8243; header_font=&#8220;||||||||&#8220; header_4_font=&#8220;Akshar|500|||||||&#8220; header_4_text_color=&#8220;#000000&#8243; header_4_font_size=&#8220;19px&#8220; header_4_line_height=&#8220;1.4em&#8220; custom_margin=&#8220;||0px||false|false&#8220; header_4_font_size_tablet=&#8220;16px&#8220; header_4_font_size_phone=&#8220;14px&#8220; header_4_font_size_last_edited=&#8220;on|tablet&#8220; locked=&#8220;off&#8220; global_colors_info=&#8220;{}&#8220;]<\/p>\n<h4>E-Mail<\/h4>\n<p>[\/et_pb_text][et_pb_text _builder_version=&#8220;4.23.1&#8243; _module_preset=&#8220;default&#8220; text_font=&#8220;Akshar||||||||&#8220; text_font_size=&#8220;17px&#8220; global_colors_info=&#8220;{}&#8220;]<\/p>\n<p><a href=\"mailto:mail@wasserschloss-huelsede.de\" target=\"_blank\" rel=\"noopener\">mail@wasserschloss-huelsede.de<\/a><\/p>\n<p>[\/et_pb_text][et_pb_text _builder_version=&#8220;4.23.1&#8243; _module_preset=&#8220;default&#8220; text_text_color=&#8220;#FFFFFF&#8220; header_3_font=&#8220;Akshar||||||||&#8220; header_3_text_color=&#8220;#FFFFFF&#8220; background_color=&#8220;#993366&#8243; custom_padding=&#8220;10px||5px||false|false&#8220; border_width_all=&#8220;7px&#8220; border_color_all=&#8220;#E09900&#8243; border_style_all=&#8220;double&#8220; box_shadow_style=&#8220;preset2&#8243; global_colors_info=&#8220;{}&#8220;]<\/p>\n<h3 style=\"text-align: center;\">Jetzt<\/h3>\n<h3 style=\"text-align: center;\">unverbindlich<\/h3>\n<h3 style=\"text-align: center;\">anfragen<\/h3>\n<p>[\/et_pb_text][\/et_pb_column][\/et_pb_row][\/et_pb_section]<\/p>\n","protected":false},"excerpt":{"rendered":"<p>Die Eventlocation Hochzeit Firmenevent Familienfeier \u00dcber uns &#8211; Historie Das Wasserschloss H\u00fclsede, in der N\u00e4he von Hannover, im Tal zwischen Deister und S\u00fcntel gelegen, wurde zwischen 1529 und 1548 als vierfl\u00fcgelige Anlage erbaut. Es ist ein typisches Beispiel f\u00fcr einen fr\u00fchen Renaissancebau im Weserraum. Der herausragende kunsthistorische Wert des Schlosses liegt in der original erhaltenen [&hellip;]<\/p>\n","protected":false},"author":1,"featured_media":0,"parent":0,"menu_order":0,"comment_status":"closed","ping_status":"closed","template":"","meta":{"_et_pb_use_builder":"on","_et_pb_old_content":"","_et_gb_content_width":"","footnotes":""},"class_list":["post-568","page","type-page","status-publish","hentry"],"_links":{"self":[{"href":"https:\/\/wasserschloss-huelsede.de\/web\/wp-json\/wp\/v2\/pages\/568","targetHints":{"allow":["GET"]}}],"collection":[{"href":"https:\/\/wasserschloss-huelsede.de\/web\/wp-json\/wp\/v2\/pages"}],"about":[{"href":"https:\/\/wasserschloss-huelsede.de\/web\/wp-json\/wp\/v2\/types\/page"}],"author":[{"embeddable":true,"href":"https:\/\/wasserschloss-huelsede.de\/web\/wp-json\/wp\/v2\/users\/1"}],"replies":[{"embeddable":true,"href":"https:\/\/wasserschloss-huelsede.de\/web\/wp-json\/wp\/v2\/comments?post=568"}],"version-history":[{"count":16,"href":"https:\/\/wasserschloss-huelsede.de\/web\/wp-json\/wp\/v2\/pages\/568\/revisions"}],"predecessor-version":[{"id":1004,"href":"https:\/\/wasserschloss-huelsede.de\/web\/wp-json\/wp\/v2\/pages\/568\/revisions\/1004"}],"wp:attachment":[{"href":"https:\/\/wasserschloss-huelsede.de\/web\/wp-json\/wp\/v2\/media?parent=568"}],"curies":[{"name":"wp","href":"https:\/\/api.w.org\/{rel}","templated":true}]}}